he remainder when 5307 is divided by 448?
379
What is the remainder when 165751 is divided by 1120?
1111
Calculate the remainder when 846389 is divided by 71.
69
What is the remainder when 20212 is divided by 481?
10
What is the remainder when 93751 is divided by 38?
5
What is the remainder when 225199 is divided by 29?
14
What is the remainder when 106995 is divided by 1811?
146
Calculate the remainder when 18983 is divided by 83.
59
What is the remainder when 3974 is divided by 567?
5
Calculate the remainder when 83087 is divided by 61.
5
What is the remainder when 342601 is divided by 3426?
1
Calculate the remainder when 316764 is divided by 29.
26
Calculate the remainder when 150867 is divided by 214.
211
What is the remainder when 108767 is divided by 35?
22
What is the remainder when 1538 is divided by 55?
53
What is the remainder when 23598 is divided by 1263?
864
What is the remainder when 9276 is divided by 220?
36
What is the remainder when 122757 is divided by 193?
9
Calculate the remainder when 32145 is divided by 282.
279
What is the remainder when 1538 is divided by 1288?
250
Calculate the remainder when 13970 is divided by 65.
60
Calculate the remainder when 246461 is divided by 32.
29
What is the remainder when 364 is divided by 266?
98
Calculate the remainder when 1821 is divided by 1677.
144
Calculate the remainder when 127302 is divided by 5.
2
Calculate the remainder when 1686 is divided by 301.
181
Calculate the remainder when 1313 is divided by 537.
239
What is the remainder when 198122 is divided by 25?
22
What is the remainder when 55537 is divided by 18512?
1
What is the remainder when 3132 is divided by 1813?
1319
Calculate the remainder when 26677 is divided by 115.
112
Calculate the remainder when 364875 is divided by 1109.
14
What is the remainder when 4223 is divided by 1038?
71
Calculate the remainder when 1546 is divided by 775.
771
What is the remainder when 62194 is divided by 15491?
230
Calculate the remainder when 738 is divided by 373.
365
Calculate the remainder when 9995 is divided by 142.
55
What is the remainder when 1426 is divided by 255?
151
What is the remainder when 20214 is divided by 20029?
185
Calculate the remainder when 2179 is divided by 322.
247
Calculate the remainder when 87119 is divided by 1177.
21
Calculate the remainder when 343297 is divided by 101.
99
What is the remainder when 6167 is divided by 42?
35
Calculate the remainder when 685225 is divided by 149.
123
What is the remainder when 9939 is divided by 3112?
603
Calculate the remainder when 54670 is divided by 408.
406
Calculate the remainder when 766 is divided by 16.
14
What is the remainder when 27648 is divided by 27643?
5
Calculate the remainder when 2563524 is divided by 71.
69
Calculate the remainder when 6318 is divided by 19.
10
What is the remainder when 5159 is divided by 571?
20
Calculate the remainder when 122405 is divided by 158.
113
What is the remainder when 4040 is divided by 48?
8
What is the remainder when 1123184 is divided by 15?
14
Calculate the remainder when 47924 is divided by 2497.
481
What is the remainder when 7302 is divided by 61?
43
Calculate the remainder when 7344 is divided by 272.
0
What is the remainder when 14102 is divided by 43?
41
What is the remainder when 26603 is divided by 15?
8
Calculate the remainder when 790909 is divided by 172.
53
What is the remainder when 1060 is divided by 588?
472
What is the remainder when 12486 is divided by 240?
6
Calculate the remainder when 253673 is divided by 28184.
17
What is the remainder when 132334 is divided by 119?
6
What is the remainder when 497172 is divided by 178?
18
What is the remainder when 47503 is divided by 19?
3
Calculate the remainder when 128804 is divided by 2300.
4
What is the remainder when 8919 is divided by 2137?
371
Calculate the remainder when 2402 is divided by 62.
46
What is the remainder when 413760 is divided by 21?
18
What is the remainder when 114378 is divided by 76?
74
Calculate the remainder when 23662 is divided by 11808.
46
What is the remainder when 19707 is divided by 40?
27
Calculate the remainder when 28293 is divided by 28284.
9
Calculate the remainder when 4474 is divided by 70.
64
What is the remainder when 196347 is divided by 808?
3
What is the remainder when 7619 is divided by 2539?
2
What is the remainder when 1036 is divided by 28?
0
Calculate the remainder when 48739 is divided by 162.
139
What is the remainder when 634 is divided by 374?
260
Calculate the remainder when 30359 is divided by 3035.
9
What is the remainder when 485890 is divided by 1227?
1225
What is the remainder when 160458 is divided by 114?
60
What is the remainder when 40354 is divided by 351?
340
Calculate the remainder when 2036 is divided by 368.
196
What is the remainder when 2781 is divided by 690?
21
Calculate the remainder when 128350 is divided by 112.
110
What is the remainder when 47488 is divided by 2064?
16
What is the remainder when 63200 is divided by 104?
72
Calculate the remainder when 59207 is divided by 14799.
11
Calculate the remainder when 1166 is divided by 4.
2
Calculate the remainder when 22928 is divided by 1138.
168
What is the remainder when 57555 is divided by 159?
156
What is the remainder when 12925 is divided by 93?
91
What is the remainder when 6072 is divided by 1669?
1065
Calculate the remainder when 1363 is divided by 456.
451
What is the remainder when 137979 is divided by 183?
180
Calculate the remainder when 3148 is divided by 941.
325
What is the remainder when 239278 is divided by 20?
18
Calculate the remainder when 74161 is divided by 65.
61
What is the remainder when 29040 is divided by 47?
41
Calculate the remainder when 8348 is divided by 445.
338
Calculate the remainder when 95088 is divided by 849.
0
What is the remainder when 24151 is divided by 97?
95
What is the remainder when 1318 is divided by 662?
656
What is the remainder when 1180 is divided by 241?
216
Calculate the remainder when 8376 is divided by 367.
302
Calculate the remainder when 25523 is divided by 8502.
17
Calculate the remainder when 23053 is divided by 292.
277
What is the remainder when 1773 is divided by 37?
34
Calculate the remainder when 50403 is divided by 31.
28
What is the remainder when 13775 is divided by 66?
47
Calculate the remainder when 575 is divided by 71.
7
Calculate the remainder when 35954 is divided by 45.
44
Calculate the remainder when 1022 is divided by 104.
86
Calculate the remainder when 49097 is divided by 2455.
2452
What is the remainder when 2786 is divided by 684?
50
Calculate the remainder when 17418 is divided by 52.
50
Calculate the remainder when 2680 is divided by 878.
46
What is the remainder when 2291 is divided by 115?
106
Calculate the remainder when 912 is divided by 503.
409
What is the remainder when 7642 is divided by 7605?
37
Calculate the remainder when 24655 is divided by 71.
18
Calculate the remainder when 4884 is divided by 89.
78
What is the remainder when 1093552 is divided by 312?
304
Calculate the remainder when 49547 is divided by 4947.
77
What is the remainder when 26122 is divided by 60?
22
Calculate the remainder when 8092 is divided by 663.
136
Calculate the remainder when 36264 is divided by 2586.
60
Calculate the remainder when 1084493 is divided by 644.
641
What is the remainder when 1511 is divided by 215?
6
What is the remainder when 29509 is divided by 9826?
31
Calculate the remainder when 59894 is divided by 89.
86
What is the remainder when 4488 is divided by 1118?
16
Calculate the remainder when 28113 is divided by 4684.
9
Calculate the remainder when 117143 is divided by 99.
26
What is the remainder when 9378 is divided by 2342?
10
Calculate the remainder when 86544 is divided by 82.
34
What is the remainder when 5770 is divided by 2874?
22
What is the remainder when 16298 is divided by 91?
9
What is the remainder when 25510 is divided by 3163?
206
What is the remainder when 153155 is divided by 1?
0
Calculate the remainder when 1545 is divided by 451.
192
What is the remainder when 62931 is divided by 81?
75
Calculate the remainder when 835 is divided by 208.
3
What is the remainder when 3507 is divided by 292?
3
What is the remainder when 1621617 is 